actor of 384 and 12.
12
What is the highest common divisor of 1088 and 408?
136
What is the highest common factor of 265 and 5?
5
Calculate the greatest common factor of 470 and 10.
10
What is the highest common divisor of 950 and 350?
50
What is the greatest common factor of 144 and 5064?
24
What is the highest common divisor of 2 and 39?
1
Calculate the greatest common factor of 8 and 18.
2
Calculate the greatest common factor of 17330 and 10.
10
Calculate the greatest common factor of 112251 and 17.
17
What is the highest common factor of 90 and 12?
6
Calculate the highest common divisor of 1189 and 82.
41
What is the greatest common factor of 4777 and 17?
17
Calculate the greatest common divisor of 320 and 832.
64
What is the highest common divisor of 6773 and 52?
13
What is the greatest common factor of 77 and 99?
11
What is the highest common divisor of 18292 and 68?
68
What is the highest common divisor of 2185 and 114?
19
What is the highest common factor of 26767 and 39?
13
Calculate the highest common divisor of 481 and 13.
13
Calculate the highest common divisor of 147 and 1932.
21
Calculate the greatest common factor of 315 and 33390.
315
What is the highest common divisor of 51 and 238?
17
Calculate the greatest common divisor of 920 and 207.
23
Calculate the greatest common divisor of 5880 and 360.
120
What is the highest common divisor of 39 and 65?
13
What is the greatest common factor of 470 and 282?
94
What is the highest common factor of 459 and 81?
27
What is the highest common divisor of 46944 and 163?
163
Calculate the highest common divisor of 2875 and 5.
5
What is the greatest common factor of 12 and 138?
6
What is the highest common divisor of 24 and 8292?
12
What is the highest common factor of 196 and 8?
4
Calculate the greatest common factor of 39 and 29.
1
What is the greatest common divisor of 17913 and 105?
21
Calculate the greatest common factor of 20 and 170.
10
Calculate the greatest common divisor of 11 and 1859.
11
Calculate the greatest common factor of 105 and 65.
5
What is the highest common divisor of 31 and 31?
31
Calculate the highest common divisor of 7929 and 3.
3
What is the highest common factor of 119 and 7?
7
What is the greatest common factor of 54 and 174?
6
What is the greatest common factor of 10 and 170?
10
Calculate the greatest common factor of 9812 and 44.
44
Calculate the greatest common divisor of 34 and 224.
2
What is the greatest common divisor of 65 and 10?
5
Calculate the highest common divisor of 3512 and 16.
8
Calculate the highest common divisor of 539 and 91.
7
What is the greatest common divisor of 52 and 130?
26
Calculate the highest common divisor of 2095 and 20.
5
What is the highest common factor of 13 and 132?
1
Calculate the greatest common divisor of 81 and 54.
27
What is the greatest common factor of 9 and 225?
9
What is the greatest common factor of 5748 and 84?
12
What is the highest common divisor of 3 and 10?
1
Calculate the highest common factor of 7 and 1.
1
What is the greatest common divisor of 2 and 774?
2
What is the greatest common divisor of 7455 and 105?
105
Calculate the highest common divisor of 400 and 100.
100
Calculate the highest common factor of 66 and 1342.
22
Calculate the highest common factor of 24 and 736.
8
What is the highest common factor of 69 and 115?
23
Calculate the greatest common factor of 21 and 7833.
21
What is the highest common factor of 154 and 2758?
14
What is the highest common factor of 2600 and 920?
40
What is the highest common factor of 972 and 372?
12
Calculate the highest common factor of 245 and 70.
35
What is the greatest common divisor of 92 and 16468?
92
What is the highest common divisor of 32 and 12888?
8
What is the greatest common factor of 6 and 204?
6
Calculate the highest common divisor of 28 and 28.
28
Calculate the highest common divisor of 118827 and 489.
489
Calculate the greatest common divisor of 252 and 36.
36
Calculate the greatest common divisor of 3 and 573.
3
Calculate the greatest common factor of 95 and 19.
19
Calculate the greatest common factor of 112 and 48.
16
What is the greatest common factor of 13 and 104?
13
What is the greatest common factor of 49 and 26803?
49
Calculate the greatest common factor of 84 and 192.
12
What is the highest common factor of 4218 and 148?
74
What is the greatest common divisor of 20 and 2470?
10
Calculate the highest common factor of 35 and 1015.
35
Calculate the highest common divisor of 1058 and 138.
46
What is the highest common factor of 26 and 39?
13
What is the highest common divisor of 833 and 49?
49
Calculate the greatest common divisor of 512 and 2304.
256
Calculate the highest common factor of 25 and 575.
25
Calculate the greatest common factor of 44 and 341.
11
Calculate the greatest common divisor of 92 and 5658.
46
What is the greatest common factor of 53 and 9540?
53
What is the highest common factor of 340 and 100?
20
Calculate the greatest common factor of 3653 and 26.
13
What is the greatest common divisor of 26770 and 10?
10
Calculate the greatest common divisor of 400 and 125.
25
Calculate the highest common factor of 154 and 70.
14
Calculate the highest common factor of 58 and 667.
29
Calculate the greatest common divisor of 2767 and 1.
1
What is the highest common factor of 189 and 35?
7
Calculate the highest common factor of 48 and 256.
16
What is the greatest common factor of 610 and 20?
10
Calculate the highest common divisor of 508 and 127.
127
What is the highest common divisor of 18 and 171?
9
Calculate the greatest common divisor of 45 and 48.
3
What is the highest common factor of 33020 and 65?
65
What is the highest common divisor of 1239 and 105?
21
Calculate the greatest common factor of 556 and 84.
4
What is the greatest common factor of 268 and 1943?
67
What is the greatest common divisor of 735 and 165?
15
Calculate the greatest common factor of 15 and 4155.
15
What is the highest common divisor of 30 and 2445?
15
Calculate the highest common factor of 20 and 70.
10
Calculate the greatest common factor of 36 and 31428.
36
What is the greatest common factor of 2461 and 667?
23
What is the greatest common factor of 485 and 5?
5
What is the greatest common factor of 4 and 284?
4
Calculate the greatest common factor of 225 and 50.
25
What is the highest common factor of 18590 and 220?
110
What is the highest common factor of 14 and 2?
2
What is the highest common factor of 368 and 32?
16
Calculate the greatest common divisor of 18452 and 84.
28
Calculate the greatest common factor of 20 and 20290.
10
What is the highest common factor of 299 and 143?
13
What is the greatest common divisor of 96 and 60?
12
What is the greatest common factor of 12047 and 7?
7
What is the highest common divisor of 703 and 1482?
19
Calculate the highest common factor of 60 and 540.
60
Calculate the highest common factor of 473 and 11.
11
Calculate the greatest common factor of 11 and 1342.
11
What is the greatest common divisor of 1 and 9767?
1
What is the greatest common divisor of 5 and 1?
1
What is the highest common divisor of 464 and 48?
16
Calculate the greatest common factor of 95 and 76.
19
What is the highest common divisor of 20 and 500?
20
What is the greatest common divisor of 3031 and 7?
7
What is the highest common factor of 78 and 4719?
39
Calculate the highest common factor of 19 and 3629.
19
Calculate the highest common divisor of 4 and 58.
2
What is the highest common divisor of 100 and 6025?
25
What is the greatest common divisor of 67965 and 345?
345
Calculate the highest common factor of 3939 and 312.
39
What is the greatest common divisor of 576 and 36?
36
What is the highest common factor of 426 and 6?
6
What is the greatest common divisor of 1078 and 44?
22
What is the greatest common divisor of 1081 and 23?
23
What is the greatest common factor of 8841 and 35?
7
Calculate the highest common factor of 470 and 188.
94
What is the highest common factor of 60 and 150?
30
Calculate the greatest common divisor of 63 and 231.
21
What is the highest common factor of 9492 and 84?
84
What is the greatest common factor of 9 and 2007?
9
Calculate the highest common divisor of 1 and 503.
1
Calculate the highest common factor of 42 and 4676